e number?
False
Is 36487487 a prime number?
True
Is 137239855 a prime number?
False
Is 348569 a composite number?
True
Is 91452243 prime?
False
Is 14297042 a composite number?
True
Is 17680723 a composite number?
False
Is 14277353 composite?
False
Is 29006759 prime?
True
Is 589588967 composite?
True
Is 217791767 composite?
False
Is 29023702 a prime number?
False
Is 91946213 a composite number?
True
Is 6566479 prime?
True
Is 4239809 prime?
False
Is 758551 a prime number?
True
Is 20120977 composite?
True
Is 109967449 a composite number?
True
Is 48881641 a composite number?
True
Is 308215 a composite number?
True
Is 63720409 prime?
True
Is 29918663 a composite number?
False
Is 5669089 prime?
True
Is 9368133 composite?
True
Is 26355541 composite?
False
Is 1207211 a prime number?
True
Is 266803 composite?
True
Is 4418527 prime?
False
Is 786493 prime?
False
Is 5164799 composite?
False
Is 141780169 prime?
True
Is 262169 prime?
False
Is 23335205 composite?
True
Is 81959021 a prime number?
True
Is 66763561 prime?
True
Is 4559987 a composite number?
True
Is 363085109 prime?
True
Is 323497 composite?
True
Is 13397351 composite?
True
Is 2394419 composite?
False
Is 615295139 a prime number?
False
Is 920357 a composite number?
False
Is 181535377 a prime number?
False
Is 30530041 composite?
False
Is 17938357 a prime number?
True
Is 4754497 a composite number?
True
Is 8664286 a prime number?
False
Is 6173351 composite?
True
Is 4248803 a composite number?
True
Is 24256889 composite?
True
Is 9906079 a composite number?
False
Is 12170573 a composite number?
False
Is 727024297 composite?
False
Is 4133741 a composite number?
False
Is 223042997 prime?
False
Is 2255857 a composite number?
True
Is 6260717 a composite number?
False
Is 2011895 prime?
False
Is 10055977 prime?
True
Is 10549879 composite?
True
Is 65467709 a prime number?
True
Is 29873011 composite?
True
Is 1365779 a composite number?
True
Is 1889471 a prime number?
True
Is 60143429 a prime number?
True
Is 426481789 prime?
True
Is 125537086 prime?
False
Is 2402249 a composite number?
False
Is 6396107 a prime number?
False
Is 8611103 prime?
False
Is 5581913 composite?
True
Is 8798599 a prime number?
False
Is 11970131 composite?
True
Is 4764713 composite?
False
Is 19436393 composite?
False
Is 2178709 a composite number?
True
Is 7558541 a composite number?
False
Is 240133667 composite?
False
Is 810947 a composite number?
True
Is 169310299 a composite number?
True
Is 529399471 a composite number?
False
Is 2008421 composite?
False
Is 31062559 a composite number?
True
Is 151868153 a prime number?
True
Is 112875207 prime?
False
Is 462037861 composite?
True
Is 12966769 prime?
False
Is 4773127 a prime number?
False
Is 29985619 a prime number?
True
Is 83947 prime?
False
Is 13421651 a prime number?
True
Is 278321 a prime number?
True
Is 139588321 a composite number?
True
Is 3009827 a composite number?
False
Is 796927 composite?
True
Is 34676899 prime?
False
Is 24384757 prime?
False
Is 37198289 composite?
False
Is 6738519 composite?
True
Is 385583403 prime?
False
Is 2594237 prime?
True
Is 11800967 a prime number?
False
Is 501637637 a prime number?
True
Is 3126187 a prime number?
True
Is 22104259 prime?
True
Is 29602291 a composite number?
True
Is 1196891 a prime number?
True
Is 94649909 composite?
False
Is 5765317 composite?
False
Is 81659 composite?
True
Is 25836641 a prime number?
False
Is 5713094 a composite number?
True
Is 51998533 a composite number?
False
Is 27340619 composite?
False
Is 8031911 prime?
True
Is 354436001 a composite number?
True
Is 8654941 prime?
True
Is 134798197 prime?
True
Is 1219369 prime?
False
Is 15877891 a composite number?
False
Is 264072113 a prime number?
False
Is 20608031 a prime number?
True
Is 7211063 a prime number?
True
Is 10714937 a prime number?
True
Is 74349827 a composite number?
False
Is 32422811 composite?
False
Is 13309067 a composite number?
False
Is 50345681 a composite number?
True
Is 13243933 composite?
False
Is 13374557 prime?
False
Is 137593931 composite?
False
Is 1380571 a composite number?
False
Is 19676717 a composite number?
False
Is 117257507 a prime number?
True
Is 2500217 a composite number?
True
Is 30279077 a composite number?
True
Is 378422599 a composite number?
False
Is 147079001 prime?
False
Is 10944901 composite?
True
Is 992463 prime?
False
Is 177684647 prime?
False
Is 216791 a composite number?
False
Is 1476359 prime?
True
Is 879383 a composite number?
True
Is 29860107 a composite number?
True
Is 3252859 composite?
False
Is 17668243 a prime number?
True
Is 1010946689 a composite number?
False
Is 36479917 composite?
False
Is 13004821 a prime number?
False
Is 2153429 composite?
False
Is 6729313 a prime number?
True
Is 686087 composite?
False
Is 83920541 a composite number?
False
Is 102368083 composite?
False
Is 892230749 a composite number?
False
Is 90861541 prime?
False
Is 20352754 prime?
False
Is 6180259 prime?
True
Is 3020855 a composite number?
True
Is 26153473 a composite number?
True
Is 1939007563 composite?
False
Is 21255653 a composite number?
False
Is 103045955 a composite number?
True
Is 3991865 composite?
True
Is 1883987 a composite number?
True
Is 19203707 prime?
True
Is 98567059 composite?
True
Is 10482649 a composite number?
False
Is 63125149 composite?
False
Is 7618607 composite?
False
Is 3614497 a composite number?
False
Is 937839751 composite?
True
Is 1703683 composite?
False
Is 129612731 a prime number?
True
Is 1229492179 a prime number?
True
Is 6569249 a composite number?
True
Is 21067733 composite?
True
Is 8921321 prime?
True
Is 519243 a composite number?
True
Is 1070921 a composite number?
False
Is 1014485333 a prime number?
True
Is 120976171 a prime number?
True
Is 4887197 prime?
False
Is 19309085 prime?
False
Is 17692918 prime?
False
Is 72893017 composite?
False
Is 16674509 prime?
True
Is 60773359 composite?
False
Is 678439 a composite number?
True
Is 481063057 composite?
False
Is 464645897 a composite number?
False
Is 14928289 a composite number?
True
Is 17961 a composite number?
True
Is 500567003 a prime number?
True
Is 284111 a composite number?
False
Is 1246303 prime?
True
Is 447473 prime?
False
Is 6811646 a prime number?
False
Is 589021 a prime number?
True
Is 9258505 prime?
False
Is 123907659 a composite number?
True
Is 2025785 prime?
False
Is 60551317 a composite number?
True
Is 67706153 a composite number?
False
Is 14147591 a composite number?
False
Is 29569247 a prime number?
False
Is 345414101 composite?
False
Is 2851243 a composite number?
True
Is 24841741 prime?
False
Is 46700867 prime?
True
Is 347205799 a prime number?
False
Is 13225171 prime?
True
Is 65734687 a prime number?
True
Is 8153437 a composite number?
True
Is 174679321 prime?
False
Is 43937417 prime?
True
Is 52763201 prime?
False
Is 793409 a composite number?
True
Is 21870151 a composite number?
True
Is 17605607 composite?
False
Is 458243 a composite number?
True
Is 101487343 composite?
False
Is 229451357 a prime number?
True
Is 206609149 composite?
False
Is 507293 a composite number?
True
Is 7639859 a prime number?
True
Is 5966651 a prime number?
True
Is 3471227 a prime number?
True
Is 485949169 a prime number?
True
Is 54399623 a composite number?
True
Is 31503497 prime?
False
Is 601753 prime?
False
Is 42917081 a prime number?
True
Is 115939291 prime?
False
Is 1286939 a prime number?
True
Is 39604429 prime?
False
Is 1530863 prime?
True
Is 19865873 a prime number?
False
Is 4894651 a prime number?
True
Is 998101 a prime number?
False
Is 2430427 a prime number?
True
Is 9115747 a composite number?
True
Is 8203577 a prime number?
True
Is 2499785 composite?
True
Is 9121193 composite?
False
Is 32038247 a composite number?
False
Is 49122271 a composite number?
True
Is 8153069 prime?
True
Is 28500853 prime?
False
Is 73621417 a prime number?
True
Is 2484007 prime?
False
Is 15081793 a composite number?
False
Is 21266545 a prime number?
False
Is 6011209 composite?
False
Is 12834313 a prime number?
True
Is 9679351 a composite number?
True
Is 39471893 a composite number?
True
Is 967341917 composite?
True
Is 1869515 prime?
False
Is 26459767 prime?
True
Is 447739 composite?
True
Is 5249747 a composite number?
True
Is 5009353 a composite number?
True
Is 4074601 a prime numb